{"id":1481,"date":"2024-08-29T08:39:35","date_gmt":"2024-08-29T11:39:35","guid":{"rendered":"https:\/\/rwmotos.com\/?post_type=product&#038;p=1481"},"modified":"2024-08-29T08:49:24","modified_gmt":"2024-08-29T11:49:24","slug":"kawasaki-z-750-r-35-90000","status":"publish","type":"product","link":"https:\/\/rwmotos.com\/?product=kawasaki-z-750-r-35-90000","title":{"rendered":"KAWASAKI Z-750-R$: 35.900,00"},"content":{"rendered":"<div class=\"post-content\"><div id=\"wg_1483_17762349293281\" class=\"woowgallery-wrapper wg-id-1483 type-woowgallery\" itemscope itemtype=\"http:\/\/schema.org\/ImageGallery\">\t\t<div class='woowgallery-amron'>\n\t\t\t<script type=\"application\/json\" class=\"wg-json-content\">[{\"type\":\"attachment\",\"subtype\":\"image\",\"status\":\"publish\",\"id\":\"1480\",\"title_src\":\"custom\",\"alt_src\":\"alt\",\"caption_src\":\"caption\",\"title\":\"\",\"alt\":\"\",\"caption\":\"\",\"link\":{\"text\":\"\",\"url\":\"\",\"target\":\"_self\"},\"tags\":[],\"author\":{\"id\":\"1\",\"name\":\"suporte@spybox.com.br\",\"url\":\"http:\\\/\\\/rwmotos.com\"},\"slug\":\"kawasaki-z750-wmimagem19194511475-2\",\"date\":\"2024-08-29T08:36:22\",\"src\":\"https:\\\/\\\/rwmotos.com\\\/?p=1480\",\"original\":\"http:\\\/\\\/rwmotos.com\\\/wp-content\\\/uploads\\\/2024\\\/08\\\/kawasaki-z750-wmimagem19194511475-1.webp\",\"comments\":{\"status\":\"open\",\"count\":\"0\"},\"copyright\":\"\",\"thumb\":[\"http:\\\/\\\/rwmotos.com\\\/wp-content\\\/uploads\\\/2024\\\/08\\\/kawasaki-z750-wmimagem19194511475-1-400x300.webp\",400,300,true],\"image\":[\"http:\\\/\\\/rwmotos.com\\\/wp-content\\\/uploads\\\/2024\\\/08\\\/kawasaki-z750-wmimagem19194511475-1.webp\",1920,1440,false],\"image_id\":1480,\"resized\":true,\"file\":\"\\\/home\\\/u682471960\\\/domains\\\/rwmotos.com\\\/public_html\\\/wp-content\\\/uploads\\\/2024\\\/08\\\/kawasaki-z750-wmimagem19194511475-1.webp\",\"meta\":[],\"tags_taxonomy\":\"media_tag\"},{\"type\":\"attachment\",\"subtype\":\"image\",\"status\":\"publish\",\"id\":\"1475\",\"title_src\":\"custom\",\"alt_src\":\"alt\",\"caption_src\":\"caption\",\"title\":\"\",\"alt\":\"\",\"caption\":\"\",\"link\":{\"text\":\"\",\"url\":\"\",\"target\":\"_self\"},\"tags\":[],\"author\":{\"id\":\"1\",\"name\":\"suporte@spybox.com.br\",\"url\":\"http:\\\/\\\/rwmotos.com\"},\"slug\":\"kawasaki-z750-wmimagem19194659527\",\"date\":\"2024-08-29T08:35:43\",\"src\":\"https:\\\/\\\/rwmotos.com\\\/?p=1475\",\"original\":\"http:\\\/\\\/rwmotos.com\\\/wp-content\\\/uploads\\\/2024\\\/08\\\/kawasaki-z750-wmimagem19194659527.webp\",\"comments\":{\"status\":\"open\",\"count\":\"0\"},\"copyright\":\"\",\"thumb\":[\"http:\\\/\\\/rwmotos.com\\\/wp-content\\\/uploads\\\/2024\\\/08\\\/kawasaki-z750-wmimagem19194659527-400x300.webp\",400,300,true],\"image\":[\"http:\\\/\\\/rwmotos.com\\\/wp-content\\\/uploads\\\/2024\\\/08\\\/kawasaki-z750-wmimagem19194659527.webp\",1920,1440,false],\"image_id\":1475,\"resized\":true,\"file\":\"\\\/home\\\/u682471960\\\/domains\\\/rwmotos.com\\\/public_html\\\/wp-content\\\/uploads\\\/2024\\\/08\\\/kawasaki-z750-wmimagem19194659527.webp\",\"meta\":[],\"tags_taxonomy\":\"media_tag\"},{\"type\":\"attachment\",\"subtype\":\"image\",\"status\":\"publish\",\"id\":\"1479\",\"title_src\":\"custom\",\"alt_src\":\"alt\",\"caption_src\":\"caption\",\"title\":\"\",\"alt\":\"\",\"caption\":\"\",\"link\":{\"text\":\"\",\"url\":\"\",\"target\":\"_self\"},\"tags\":[],\"author\":{\"id\":\"1\",\"name\":\"suporte@spybox.com.br\",\"url\":\"http:\\\/\\\/rwmotos.com\"},\"slug\":\"kawasaki-z750-wmimagem19194532522\",\"date\":\"2024-08-29T08:36:14\",\"src\":\"https:\\\/\\\/rwmotos.com\\\/?p=1479\",\"original\":\"http:\\\/\\\/rwmotos.com\\\/wp-content\\\/uploads\\\/2024\\\/08\\\/kawasaki-z750-wmimagem19194532522.webp\",\"comments\":{\"status\":\"open\",\"count\":\"0\"},\"copyright\":\"\",\"thumb\":[\"http:\\\/\\\/rwmotos.com\\\/wp-content\\\/uploads\\\/2024\\\/08\\\/kawasaki-z750-wmimagem19194532522-400x300.webp\",400,300,true],\"image\":[\"http:\\\/\\\/rwmotos.com\\\/wp-content\\\/uploads\\\/2024\\\/08\\\/kawasaki-z750-wmimagem19194532522.webp\",1920,1440,false],\"image_id\":1479,\"resized\":true,\"file\":\"\\\/home\\\/u682471960\\\/domains\\\/rwmotos.com\\\/public_html\\\/wp-content\\\/uploads\\\/2024\\\/08\\\/kawasaki-z750-wmimagem19194532522.webp\",\"meta\":[],\"tags_taxonomy\":\"media_tag\"},{\"type\":\"attachment\",\"subtype\":\"image\",\"status\":\"publish\",\"id\":\"1476\",\"title_src\":\"custom\",\"alt_src\":\"alt\",\"caption_src\":\"caption\",\"title\":\"\",\"alt\":\"\",\"caption\":\"\",\"link\":{\"text\":\"\",\"url\":\"\",\"target\":\"_self\"},\"tags\":[],\"author\":{\"id\":\"1\",\"name\":\"suporte@spybox.com.br\",\"url\":\"http:\\\/\\\/rwmotos.com\"},\"slug\":\"kawasaki-z750-wmimagem19194603816\",\"date\":\"2024-08-29T08:35:50\",\"src\":\"https:\\\/\\\/rwmotos.com\\\/?p=1476\",\"original\":\"http:\\\/\\\/rwmotos.com\\\/wp-content\\\/uploads\\\/2024\\\/08\\\/kawasaki-z750-wmimagem19194603816.webp\",\"comments\":{\"status\":\"open\",\"count\":\"0\"},\"copyright\":\"\",\"thumb\":[\"http:\\\/\\\/rwmotos.com\\\/wp-content\\\/uploads\\\/2024\\\/08\\\/kawasaki-z750-wmimagem19194603816-400x300.webp\",400,300,true],\"image\":[\"http:\\\/\\\/rwmotos.com\\\/wp-content\\\/uploads\\\/2024\\\/08\\\/kawasaki-z750-wmimagem19194603816.webp\",1920,1440,false],\"image_id\":1476,\"resized\":true,\"file\":\"\\\/home\\\/u682471960\\\/domains\\\/rwmotos.com\\\/public_html\\\/wp-content\\\/uploads\\\/2024\\\/08\\\/kawasaki-z750-wmimagem19194603816.webp\",\"meta\":[],\"tags_taxonomy\":\"media_tag\"},{\"type\":\"attachment\",\"subtype\":\"image\",\"status\":\"publish\",\"id\":\"1474\",\"title_src\":\"custom\",\"alt_src\":\"alt\",\"caption_src\":\"caption\",\"title\":\"\",\"alt\":\"\",\"caption\":\"\",\"link\":{\"text\":\"\",\"url\":\"\",\"target\":\"_self\"},\"tags\":[],\"author\":{\"id\":\"1\",\"name\":\"suporte@spybox.com.br\",\"url\":\"http:\\\/\\\/rwmotos.com\"},\"slug\":\"kawasaki-z750-wmimagem19194684625\",\"date\":\"2024-08-29T08:35:35\",\"src\":\"https:\\\/\\\/rwmotos.com\\\/?p=1474\",\"original\":\"http:\\\/\\\/rwmotos.com\\\/wp-content\\\/uploads\\\/2024\\\/08\\\/kawasaki-z750-wmimagem19194684625.webp\",\"comments\":{\"status\":\"open\",\"count\":\"0\"},\"copyright\":\"\",\"thumb\":[\"http:\\\/\\\/rwmotos.com\\\/wp-content\\\/uploads\\\/2024\\\/08\\\/kawasaki-z750-wmimagem19194684625-400x300.webp\",400,300,true],\"image\":[\"http:\\\/\\\/rwmotos.com\\\/wp-content\\\/uploads\\\/2024\\\/08\\\/kawasaki-z750-wmimagem19194684625.webp\",1920,1440,false],\"image_id\":1474,\"resized\":true,\"file\":\"\\\/home\\\/u682471960\\\/domains\\\/rwmotos.com\\\/public_html\\\/wp-content\\\/uploads\\\/2024\\\/08\\\/kawasaki-z750-wmimagem19194684625.webp\",\"meta\":[],\"tags_taxonomy\":\"media_tag\"},{\"type\":\"attachment\",\"subtype\":\"image\",\"status\":\"publish\",\"id\":\"1473\",\"title_src\":\"custom\",\"alt_src\":\"alt\",\"caption_src\":\"caption\",\"title\":\"\",\"alt\":\"\",\"caption\":\"\",\"link\":{\"text\":\"\",\"url\":\"\",\"target\":\"_self\"},\"tags\":[],\"author\":{\"id\":\"1\",\"name\":\"suporte@spybox.com.br\",\"url\":\"http:\\\/\\\/rwmotos.com\"},\"slug\":\"kawasaki-z750-wmimagem19194716140\",\"date\":\"2024-08-29T08:35:27\",\"src\":\"https:\\\/\\\/rwmotos.com\\\/?p=1473\",\"original\":\"http:\\\/\\\/rwmotos.com\\\/wp-content\\\/uploads\\\/2024\\\/08\\\/kawasaki-z750-wmimagem19194716140.webp\",\"comments\":{\"status\":\"open\",\"count\":\"0\"},\"copyright\":\"\",\"thumb\":[\"http:\\\/\\\/rwmotos.com\\\/wp-content\\\/uploads\\\/2024\\\/08\\\/kawasaki-z750-wmimagem19194716140-400x300.webp\",400,300,true],\"image\":[\"http:\\\/\\\/rwmotos.com\\\/wp-content\\\/uploads\\\/2024\\\/08\\\/kawasaki-z750-wmimagem19194716140.webp\",1920,1440,false],\"image_id\":1473,\"resized\":true,\"file\":\"\\\/home\\\/u682471960\\\/domains\\\/rwmotos.com\\\/public_html\\\/wp-content\\\/uploads\\\/2024\\\/08\\\/kawasaki-z750-wmimagem19194716140.webp\",\"meta\":[],\"tags_taxonomy\":\"media_tag\"},{\"type\":\"attachment\",\"subtype\":\"image\",\"status\":\"publish\",\"id\":\"1478\",\"title_src\":\"custom\",\"alt_src\":\"alt\",\"caption_src\":\"caption\",\"title\":\"\",\"alt\":\"\",\"caption\":\"\",\"link\":{\"text\":\"\",\"url\":\"\",\"target\":\"_self\"},\"tags\":[],\"author\":{\"id\":\"1\",\"name\":\"suporte@spybox.com.br\",\"url\":\"http:\\\/\\\/rwmotos.com\"},\"slug\":\"kawasaki-z750-wmimagem19194560421\",\"date\":\"2024-08-29T08:36:06\",\"src\":\"https:\\\/\\\/rwmotos.com\\\/?p=1478\",\"original\":\"http:\\\/\\\/rwmotos.com\\\/wp-content\\\/uploads\\\/2024\\\/08\\\/kawasaki-z750-wmimagem19194560421.webp\",\"comments\":{\"status\":\"open\",\"count\":\"0\"},\"copyright\":\"\",\"thumb\":[\"http:\\\/\\\/rwmotos.com\\\/wp-content\\\/uploads\\\/2024\\\/08\\\/kawasaki-z750-wmimagem19194560421-400x300.webp\",400,300,true],\"image\":[\"http:\\\/\\\/rwmotos.com\\\/wp-content\\\/uploads\\\/2024\\\/08\\\/kawasaki-z750-wmimagem19194560421.webp\",1920,1440,false],\"image_id\":1478,\"resized\":true,\"file\":\"\\\/home\\\/u682471960\\\/domains\\\/rwmotos.com\\\/public_html\\\/wp-content\\\/uploads\\\/2024\\\/08\\\/kawasaki-z750-wmimagem19194560421.webp\",\"meta\":[],\"tags_taxonomy\":\"media_tag\"},{\"type\":\"attachment\",\"subtype\":\"image\",\"status\":\"publish\",\"id\":\"1477\",\"title_src\":\"custom\",\"alt_src\":\"alt\",\"caption_src\":\"caption\",\"title\":\"\",\"alt\":\"\",\"caption\":\"\",\"link\":{\"text\":\"\",\"url\":\"\",\"target\":\"_self\"},\"tags\":[],\"author\":{\"id\":\"1\",\"name\":\"suporte@spybox.com.br\",\"url\":\"http:\\\/\\\/rwmotos.com\"},\"slug\":\"kawasaki-z750-wmimagem19194583318\",\"date\":\"2024-08-29T08:35:58\",\"src\":\"https:\\\/\\\/rwmotos.com\\\/?p=1477\",\"original\":\"http:\\\/\\\/rwmotos.com\\\/wp-content\\\/uploads\\\/2024\\\/08\\\/kawasaki-z750-wmimagem19194583318.webp\",\"comments\":{\"status\":\"open\",\"count\":\"0\"},\"copyright\":\"\",\"thumb\":[\"http:\\\/\\\/rwmotos.com\\\/wp-content\\\/uploads\\\/2024\\\/08\\\/kawasaki-z750-wmimagem19194583318-400x300.webp\",400,300,true],\"image\":[\"http:\\\/\\\/rwmotos.com\\\/wp-content\\\/uploads\\\/2024\\\/08\\\/kawasaki-z750-wmimagem19194583318.webp\",1920,1440,false],\"image_id\":1477,\"resized\":true,\"file\":\"\\\/home\\\/u682471960\\\/domains\\\/rwmotos.com\\\/public_html\\\/wp-content\\\/uploads\\\/2024\\\/08\\\/kawasaki-z750-wmimagem19194583318.webp\",\"meta\":[],\"tags_taxonomy\":\"media_tag\"},{\"type\":\"attachment\",\"subtype\":\"image\",\"status\":\"publish\",\"id\":\"1472\",\"title_src\":\"custom\",\"alt_src\":\"alt\",\"caption_src\":\"caption\",\"title\":\"\",\"alt\":\"\",\"caption\":\"\",\"link\":{\"text\":\"\",\"url\":\"\",\"target\":\"_self\"},\"tags\":[],\"author\":{\"id\":\"1\",\"name\":\"suporte@spybox.com.br\",\"url\":\"http:\\\/\\\/rwmotos.com\"},\"slug\":\"kawasaki-z750-wmimagem19194735316\",\"date\":\"2024-08-29T08:35:20\",\"src\":\"https:\\\/\\\/rwmotos.com\\\/?p=1472\",\"original\":\"http:\\\/\\\/rwmotos.com\\\/wp-content\\\/uploads\\\/2024\\\/08\\\/kawasaki-z750-wmimagem19194735316.webp\",\"comments\":{\"status\":\"open\",\"count\":\"0\"},\"copyright\":\"\",\"thumb\":[\"http:\\\/\\\/rwmotos.com\\\/wp-content\\\/uploads\\\/2024\\\/08\\\/kawasaki-z750-wmimagem19194735316-400x300.webp\",400,300,true],\"image\":[\"http:\\\/\\\/rwmotos.com\\\/wp-content\\\/uploads\\\/2024\\\/08\\\/kawasaki-z750-wmimagem19194735316.webp\",1920,1440,false],\"image_id\":1472,\"resized\":true,\"file\":\"\\\/home\\\/u682471960\\\/domains\\\/rwmotos.com\\\/public_html\\\/wp-content\\\/uploads\\\/2024\\\/08\\\/kawasaki-z750-wmimagem19194735316.webp\",\"meta\":[],\"tags_taxonomy\":\"media_tag\"}]<\/script>\n\t\t\t<script type=\"application\/json\" class=\"wg-json-settings\">{\"copyR_Protection\":1,\"copyR_Alert\":\"Hello, this photo is mine!\",\"sliderScrollNavi\":1,\"sliderNextPrevAnimation\":\"animation\",\"sliderBgColor\":\"rgba(0,0,0,0.9)\",\"sliderPreloaderColor\":\"rgba(255,255,255,1)\",\"sliderHeaderFooterBgColor\":\"rgba(0,0,0,0.4)\",\"sliderNavigationColor\":\"rgba(0,0,0,1)\",\"sliderNavigationColorOver\":\"rgba(255,255,255,1)\",\"sliderNavigationIconColor\":\"rgba(255,255,255,1)\",\"sliderNavigationIconColorOver\":\"rgba(0,0,0,1)\",\"sliderItemTitleEnable\":0,\"sliderItemTitleFontSize\":18,\"sliderItemTitleTextColor\":\"rgba(255,255,255,1)\",\"sliderItemDescriptionEnable\":0,\"sliderItemDescriptionFontSize\":16,\"sliderItemDescriptionTextColor\":\"rgba(255,255,255,0.8)\",\"infoBarExifEnable\":0,\"sliderThumbBarEnable\":1,\"sliderThumbBarHoverColor\":\"rgba(255,255,255,1)\",\"sliderPlayButton\":1,\"slideshowDelay\":8,\"slideshowProgressBarColor\":\"rgba(255,255,255,1)\",\"slideshowProgressBarBGColor\":\"rgba(255,255,255,0.6)\",\"sliderZoomButton\":1,\"sliderSocialShareEnabled\":1,\"sliderFullScreen\":1,\"sliderThumbSubMenuBackgroundColor\":\"rgba(0, 0, 0, 0)\",\"sliderThumbSubMenuIconColor\":\"rgba(255, 255, 255, 1)\",\"sliderThumbSubMenuBackgroundColorOver\":\"rgba(255, 255, 255, 1)\",\"sliderThumbSubMenuIconHoverColor\":\"rgba(0, 0, 0, 1)\",\"__lightbox\":\"woowlightbox\",\"collectionPreloaderColor\":\"rgba(180,180,180,1)\",\"collectionBgColor\":\"rgba(255,255,255,0)\",\"collectionThumbColumns\":3,\"collectionThumbRecomendedWidth\":200,\"thumbSpacing\":10,\"tagsFilter\":1,\"tagCloudAll\":\"All\",\"tagCloudTextColor\":\"rgba(0,0,0,1)\",\"tagCloudBgColor\":\"rgba(180,180,180,1)\",\"collectionThumbHoverColor\":\"rgba(0,0,0,0.5)\",\"collectionThumbTitleShow\":1,\"collectionThumbTitleColor\":\"rgba(0,0,0,1)\",\"collectionThumbFontSize\":18,\"collectionThumbDescriptionShow\":1,\"collectionThumbContentBGColor\":\"rgba(220,220,220,1)\",\"collectionThumbDescriptionColor\":\"rgba(0,0,0,1)\",\"collectionThumbDescriptionFontSize\":15,\"collectionReadMoreButtonShow\":1,\"collectionReadMoreButtonLabel\":\"Read More\",\"collectionReadMoreButtonFontSize\":12,\"collectionReadMoreButtonBGColor\":\"rgba(0,0,0,1)\",\"collectionReadMoreButtonBGColorHover\":\"rgba(180,180,180,1)\",\"collectionReadMoreButtonLabelColor\":\"rgba(255,255,255,1)\",\"collectionReadMoreButtonLabelColorHover\":\"rgba(0,0,0,1)\",\"shareBarBgColor\":\"rgba(0,0,0,0.9)\",\"shareBarIconColor\":\"rgba(255,255,255,1)\",\"shareBarFacebook\":1,\"shareBarTwitter\":1,\"shareBarPinterest\":1,\"shareBarDownload\":1,\"__skin\":\"amron\",\"lightBoxEnable\":1}<\/script>\n\t\t<\/div>\n\t\t<\/div><noscript><a href=\"http:\/\/rwmotos.com\/wp-content\/uploads\/2024\/08\/kawasaki-z750-wmimagem19194511475-1.webp\"><img class=\"skip-lazy no-lazyload\" data-lazy-src=\"\" src =\"http:\/\/rwmotos.com\/wp-content\/uploads\/2024\/08\/kawasaki-z750-wmimagem19194511475-1.webp\" width=\"1920\" height=\"1440\" title=\"\" alt=\"\" \/><\/a><a href=\"http:\/\/rwmotos.com\/wp-content\/uploads\/2024\/08\/kawasaki-z750-wmimagem19194659527.webp\"><img class=\"skip-lazy no-lazyload\" data-lazy-src=\"\" src =\"http:\/\/rwmotos.com\/wp-content\/uploads\/2024\/08\/kawasaki-z750-wmimagem19194659527.webp\" width=\"1920\" height=\"1440\" title=\"\" alt=\"\" \/><\/a><a href=\"http:\/\/rwmotos.com\/wp-content\/uploads\/2024\/08\/kawasaki-z750-wmimagem19194532522.webp\"><img class=\"skip-lazy no-lazyload\" data-lazy-src=\"\" src =\"http:\/\/rwmotos.com\/wp-content\/uploads\/2024\/08\/kawasaki-z750-wmimagem19194532522.webp\" width=\"1920\" height=\"1440\" title=\"\" alt=\"\" \/><\/a><a href=\"http:\/\/rwmotos.com\/wp-content\/uploads\/2024\/08\/kawasaki-z750-wmimagem19194603816.webp\"><img class=\"skip-lazy no-lazyload\" data-lazy-src=\"\" src =\"http:\/\/rwmotos.com\/wp-content\/uploads\/2024\/08\/kawasaki-z750-wmimagem19194603816.webp\" width=\"1920\" height=\"1440\" title=\"\" alt=\"\" \/><\/a><a href=\"http:\/\/rwmotos.com\/wp-content\/uploads\/2024\/08\/kawasaki-z750-wmimagem19194684625.webp\"><img class=\"skip-lazy no-lazyload\" data-lazy-src=\"\" src =\"http:\/\/rwmotos.com\/wp-content\/uploads\/2024\/08\/kawasaki-z750-wmimagem19194684625.webp\" width=\"1920\" height=\"1440\" title=\"\" alt=\"\" \/><\/a><a href=\"http:\/\/rwmotos.com\/wp-content\/uploads\/2024\/08\/kawasaki-z750-wmimagem19194716140.webp\"><img class=\"skip-lazy no-lazyload\" data-lazy-src=\"\" src =\"http:\/\/rwmotos.com\/wp-content\/uploads\/2024\/08\/kawasaki-z750-wmimagem19194716140.webp\" width=\"1920\" height=\"1440\" title=\"\" alt=\"\" \/><\/a><a href=\"http:\/\/rwmotos.com\/wp-content\/uploads\/2024\/08\/kawasaki-z750-wmimagem19194560421.webp\"><img class=\"skip-lazy no-lazyload\" data-lazy-src=\"\" src =\"http:\/\/rwmotos.com\/wp-content\/uploads\/2024\/08\/kawasaki-z750-wmimagem19194560421.webp\" width=\"1920\" height=\"1440\" title=\"\" alt=\"\" \/><\/a><a href=\"http:\/\/rwmotos.com\/wp-content\/uploads\/2024\/08\/kawasaki-z750-wmimagem19194583318.webp\"><img class=\"skip-lazy no-lazyload\" data-lazy-src=\"\" src =\"http:\/\/rwmotos.com\/wp-content\/uploads\/2024\/08\/kawasaki-z750-wmimagem19194583318.webp\" width=\"1920\" height=\"1440\" title=\"\" alt=\"\" \/><\/a><a href=\"http:\/\/rwmotos.com\/wp-content\/uploads\/2024\/08\/kawasaki-z750-wmimagem19194735316.webp\"><img class=\"skip-lazy no-lazyload\" data-lazy-src=\"\" src =\"http:\/\/rwmotos.com\/wp-content\/uploads\/2024\/08\/kawasaki-z750-wmimagem19194735316.webp\" width=\"1920\" height=\"1440\" title=\"\" alt=\"\" \/><\/a><\/noscript>\n<\/div>","protected":false},"excerpt":{"rendered":"<div class=\"entry-content-stat post-content\"><p>Cidade:S\u00e3o Paulo &#8211; SP<br \/>\nAno:2012\/2012<br \/>\nMarchas:6<br \/>\nQuilometragem:45.000<br \/>\nTipo de motor:4 Tempos<br \/>\nCor:Laranja-Laranja<br \/>\nRefrigera\u00e7\u00e3o:l\u00edquida<br \/>\nEstilo:Naked<br \/>\nCilindrada:750<br \/>\nPartida:el\u00e9trica<br \/>\nFreio dianteiro \/traseiro:disco\/disco<br \/>\nAlimenta\u00e7\u00e3o:Inje\u00e7\u00e3o Eletr\u00f4nica<\/p>\n<\/div>","protected":false},"featured_media":1475,"comment_status":"open","ping_status":"closed","template":"","meta":[],"product_cat":[20],"product_tag":[],"_links":{"self":[{"href":"https:\/\/rwmotos.com\/index.php?rest_route=\/wp\/v2\/product\/1481"}],"collection":[{"href":"https:\/\/rwmotos.com\/index.php?rest_route=\/wp\/v2\/product"}],"about":[{"href":"https:\/\/rwmotos.com\/index.php?rest_route=\/wp\/v2\/types\/product"}],"replies":[{"embeddable":true,"href":"https:\/\/rwmotos.com\/index.php?rest_route=%2Fwp%2Fv2%2Fcomments&post=1481"}],"wp:featuredmedia":[{"embeddable":true,"href":"https:\/\/rwmotos.com\/index.php?rest_route=\/wp\/v2\/media\/1475"}],"wp:attachment":[{"href":"https:\/\/rwmotos.com\/index.php?rest_route=%2Fwp%2Fv2%2Fmedia&parent=1481"}],"wp:term":[{"taxonomy":"product_cat","embeddable":true,"href":"https:\/\/rwmotos.com\/index.php?rest_route=%2Fwp%2Fv2%2Fproduct_cat&post=1481"},{"taxonomy":"product_tag","embeddable":true,"href":"https:\/\/rwmotos.com\/index.php?rest_route=%2Fwp%2Fv2%2Fproduct_tag&post=1481"}],"curies":[{"name":"wp","href":"https:\/\/api.w.org\/{rel}","templated":true}]}}